{"id":526,"date":"2018-11-11T16:31:12","date_gmt":"2018-11-11T14:31:12","guid":{"rendered":"http:\/\/www.swisssignet.com\/?page_id=526"},"modified":"2018-11-11T17:14:26","modified_gmt":"2018-11-11T15:14:26","slug":"imprint","status":"publish","type":"page","link":"https:\/\/www.swisssignet.com\/?page_id=526","title":{"rendered":"Imprint"},"content":{"rendered":"<h3>Sw\u00ecss S\u00ecgn\u00e9t \u00ae<br \/>\nScreen Printing and Graphic Arts<br \/>\nJulia Heitmann<br \/>\nKraueler-Hauptdeich 161<br \/>\n21037 Hamburg<br \/>\nGermany<\/h3>\n","protected":false},"excerpt":{"rendered":"<p>Sw\u00ecss S\u00ecgn\u00e9t \u00ae<br \/>\nScreen Printing and Graphic Arts<br \/>\nJulia Heitmann<br \/>\nKraueler-Hauptdeich 161<br \/>\n21037 Hamburg<br \/>\nGermany<\/p>\n","protected":false},"author":1,"featured_media":0,"parent":0,"menu_order":0,"comment_status":"closed","ping_status":"closed","template":"","meta":{"footnotes":""},"_links":{"self":[{"href":"https:\/\/www.swisssignet.com\/index.php?rest_route=\/wp\/v2\/pages\/526"}],"collection":[{"href":"https:\/\/www.swisssignet.com\/index.php?rest_route=\/wp\/v2\/pages"}],"about":[{"href":"https:\/\/www.swisssignet.com\/index.php?rest_route=\/wp\/v2\/types\/page"}],"author":[{"embeddable":true,"href":"https:\/\/www.swisssignet.com\/index.php?rest_route=\/wp\/v2\/users\/1"}],"replies":[{"embeddable":true,"href":"https:\/\/www.swisssignet.com\/index.php?rest_route=%2Fwp%2Fv2%2Fcomments&post=526"}],"version-history":[{"count":4,"href":"https:\/\/www.swisssignet.com\/index.php?rest_route=\/wp\/v2\/pages\/526\/revisions"}],"predecessor-version":[{"id":535,"href":"https:\/\/www.swisssignet.com\/index.php?rest_route=\/wp\/v2\/pages\/526\/revisions\/535"}],"wp:attachment":[{"href":"https:\/\/www.swisssignet.com\/index.php?rest_route=%2Fwp%2Fv2%2Fmedia&parent=526"}],"curies":[{"name":"wp","href":"https:\/\/api.w.org\/{rel}","templated":true}]}}